
2
Let z(j) = j - 1. Suppose -18 = -c - 2*c. Give z(c).
5
Let i(y) = -4 - 5*y + 6*y + 0. Calculate i(-3).
-7
Let t(s) = -s - 1. Let d = 8 - 15. What is t(d)?
6
Let y(n) = n - 2. Let b be y(4). Suppose 4*x - 6 = b. Let o(q) = -2*q**2 + 2. What is o(x)?
-6
Let y be 7 + 1 + (-6)/3. Let p be 4/(-10) + y/15. Let h(i) = -8 - i + 0*i + 3. Calculate h(p).
-5
Let v(b) = 1. Let m(l) = -2*l. Let q(w) = -3*w + 1. Let k(r) = 5*m(r) - 3*q(r). Let n(y) = -k(y) - 4*v(y). What is n(3)?
2
Let t(z) = 1. Let c(r) = r + 4. Let h(q) = -c(q) + 5*t(q). Determine h(4).
-3
Let g(r) = -3 + 2*r**2 + 9 - 7 - 3*r**2 - 4*r. Determine g(-4).
-1
Let z(w) = w**2 + 5*w + 1. Let i be z(-4). Suppose 0 = h - 9 + 5. Let q(a) = 1 + 3*a**2 - h*a**2 - 4*a - 2*a**2 + 2*a**2. What is q(i)?
4
Let u(f) = 6 + 2 + 6 + f**2 - 15. Calculate u(3).
8
Let m(p) = p + 4. Let k be m(-6). Let y(j) = 3*j**3 - 3*j**2 - 2 - 4*j**3 - j**2 - 3*j + 3*j**2. What is y(k)?
8
Let r(g) = -4 - 7*g + 6*g**2 - 1 + 4*g + g**3 - 3. Let q be r(-6). Suppose -5*p + 3*s = 17, 2*p + q = 4*p + 3*s. Let f(b) = -2*b**2 + 2*b + 1. What is f(p)?
-3
Suppose -x + 3 = -4*x. Let i be (-2)/((-6)/(-15))*x. Let l(o) be the second derivative of o**3/3 - 2*o**2 + o. Give l(i).
6
Let o(p) = -5*p - 5. Let a be o(-4). Let w(y) = 11*y**2 + 5*y**3 - y - 6*y**3 - a*y**2. Give w(-4).
4
Let r(p) = p. Suppose -18 + 147 = 4*h + s, h + s - 33 = 0. Suppose -5*u + h = 2. Suppose -4*c + 0*c + 3 = x, 2*x + c = u. Determine r(x).
3
Let x(r) = r. Let q be (6/9)/((-2)/(-6)). Suppose 6*j = q*j + 40. Let u = 10 - j. Calculate x(u).
0
Let y be 4/(-3)*(1 + -4). Let x(a) = a - 1. Let m be x(y). Let i(d) = 4*d - 7*d + d**2 + 2*d. What is i(m)?
6
Let j(w) = w + 1. Let u(r) = -r**2 - r. Let f(i) = -j(i) - u(i). Determine f(-1).
0
Suppose 5*r = 5 + 5. Let u(z) = -9*z. Calculate u(r).
-18
Let t(c) be the first derivative of c**3/3 - 3*c**2 - 2*c + 4. What is t(5)?
-7
Let q(o) = -o**2 + 9*o - 6. Let v(p) = p**2 - 9*p + 6. Let g(t) = 4*q(t) + 3*v(t). Give g(6).
12
Let x(w) be the second derivative of -w**4/12 + w**3 + w**2/2 - 2*w. Let v be (-2)/(-9) - 366/(-54) - 2. Determine x(v).
6
Let z be ((-8)/10)/(2/(-10)). Let r be (-2 - 1)*(-4 + 3). Let a(l) = l + 0*l + 3 + 2 - r*l. Determine a(z).
-3
Let f(q) = -q. Let j(g) be the second derivative of -g**3/3 - g**2 + 2*g. Let z(y) = 3*f(y) - j(y). Give z(-3).
5
Let p(u) = u**2 + 5*u + 3. Let k = 8 - 1. Suppose -k*z = -4*z - 9. Suppose -z = 3*q + 6. What is p(q)?
-3
Suppose -4 = 2*j - 3*j. Suppose 0 = -s + 5 - 2. Let q(a) = -s + a**2 - 4*a - a + 3*a. Determine q(j).
5
Suppose 4*m = 4*x - 2*x + 4, -18 = -5*m - 4*x. Let o(j) = 2*j + 1. Determine o(m).
5
Let f(y) be the first derivative of 1/2*y**2 - y - 1. Determine f(-3).
-4
Let m(k) = -5*k + 3. Let u = 2 - 0. Calculate m(u).
-7
Suppose -29 = -5*x + 3*b + 15, 5*x = 4*b + 47. Let y(m) = m**2 - 8*m + 1. Determine y(x).
-6
Let w(r) = -3*r**3 - 2*r**2 + r - 4. Let d(i) = 0*i - i - 13*i**3 - 7*i**2 - 16 + 6*i. Let p(n) = 2*d(n) - 9*w(n). Give p(-4).
0
Let f = -80 + 81. Let i(v) = -v. Determine i(f).
-1
Let x(v) = -14*v**2 - 1 + 13*v**2 - 8*v**2. What is x(-1)?
-10
Let j(v) = 11*v**2 - 8*v + 24. Let z(a) = 7*a**2 - 5*a + 16. Let f(u) = -5*j(u) + 8*z(u). Calculate f(0).
8
Let m(n) = -n**3 - 3*n**2 + 7*n + 5. Let p(k) = k**2 - 6*k + 6. Let i be p(4). Let x be 5/3 - 2/3. Let v be (x - -1)*(i - 0). Determine m(v).
-7
Suppose -18 + 1 = 5*x + 4*l, 2*x - 10 = 4*l. Let f(w) = -w**2 - 1. Let z(a) = -8*a**2 - a - 6. Let m(k) = x*z(k) + 6*f(k). Calculate m(-2).
6
Let k be -7 + 2 + (-2 - -3). Let d(t) = t**2 - t**3 + 1 - 5*t**2 + 5*t + t**2. Calculate d(k).
-3
Suppose i + v = -4*v + 21, 4 = v. Let o = i - 1. Let g(k) = k**2 - k + 4. Calculate g(o).
4
Let z(t) = -t**2 - 6*t - 4. Let k(b) = -2 - 4*b + b + 4*b + 0 + b**2. Let o be k(2). Let h be o/10 + 22/(-5). Give z(h).
4
Let s be (-4)/(-10)*5 - -2. Let n(m) = -m**3 + 4*m**2 + m + 2. Determine n(s).
6
Suppose -2*b + 5 = -3. Let y(f) = -4 + 5*f**2 - 2*f + f - b*f**2. Let v(x) = -x**3 + 3*x**2 - 2*x + 3. Let h be v(3). Calculate y(h).
8
Let r(n) = n + 3. Suppose 3 = -u + 8. Suppose 20 = u*m, 0*f = -2*f - 5*m + 28. Suppose -f = d - 0. Calculate r(d).
-1
Let x(y) = y**2 - y - 1. Let u(t) = -6*t**2 + 11. Let l(i) = -u(i) - 5*x(i). Calculate l(-7).
8
Let o(r) = r**3 - 8*r**2 - 2*r + 7. Let v be 0 + -2 - (-9 + -1). Calculate o(v).
-9
Let g(k) = 2*k - 9. Let a(o) = 7*o - 37. Let v(c) = -2*a(c) + 9*g(c). Let b(t) = -1. Let z(f) = 14*b(f) - 2*v(f). Determine z(1).
-8
Let x(m) be the second derivative of -8*m + 0 + 1/3*m**3 - 1/6*m**4 + 0*m**2 + 1/20*m**5. Calculate x(2).
4
Let b(j) = -9*j + 24. Let k(q) = -4*q + q + 6 + q. Let i(c) = 5*b(c) - 21*k(c). Let m be 2 - (6 - 1 - -1). Determine i(m).
6
Let x(z) = z + 1. Suppose 0 = 4*v - 0*v - 12. Let a(r) = r**2 + 4*r + 2. Let t(p) = v*x(p) - a(p). Let l(q) = q**2 - 6*q. Let k be l(6). Give t(k).
1
Suppose 4*v = 8 + 4. Let i = 4 - 4. Let m(k) = -k**3 + i + 2*k**3 - 3*k**2 + 0. Determine m(v).
0
Let i(g) = -1. Let k(p) = 7*p - 5. Let d(t) = 5*i(t) - k(t). What is d(1)?
-7
Suppose -p - c - 3 = 0, 2*c + 20 = -2*p - 2*p. Let i(b) = -b**3 - 8*b**2 - 7*b + 6. Give i(p).
6
Suppose 2*u + 4*f + 0*f - 16 = 0, f = -5*u - 5. Let t(w) = -5846 + w + 4*w**2 + 5846 + 0*w**3 + w**3. Determine t(u).
6
Let o(g) be the first derivative of 3/2*g**2 + 3*g + 3. Determine o(-2).
-3
Let a(i) = i + 2. Suppose 4*f - 55 = -15. Let s be (1 + 2)*f/(-6). Give a(s).
-3
Let k be 3 - 1*0/(-3). Let v(t) = -3*t - t + 6*t - k. Give v(4).
5
Let h(z) = 5*z**2 + 4 + 7*z + 0*z**3 - 7 - z**3. Let l be h(6). Let g(q) = q**3 - 4*q**2 + 2*q - 3. Calculate g(l).
-6
Let u(p) = p - 3. Let x(v) = -v + 2. Let b(j) = 5*u(j) + 6*x(j). Calculate b(-5).
2
Let h(m) be the third derivative of -m**4/12 - 7*m**3/6 + 22*m**2. Give h(-7).
7
Let x(w) be the second derivative of -w**5/20 + 7*w**4/12 - 7*w**3/6 + 7*w**2/2 + w. Suppose 4*j - 14 = 10. Determine x(j).
1
Let x(c) = -c**2 + 3*c - 8. Suppose -3*y - 14 = -y. Let i(b) = -b**2 + 2*b - 7. Let l(a) = y*i(a) + 6*x(a). What is l(-4)?
1
Let m(o) = -2 - 2*o - 10 + 6 + 3. Calculate m(-5).
7
Let v(m) = m**2 + 2*m + 3. Let o = -5 - -3. Let d = -1 + o. Determine v(d).
6
Let y(x) = x**3 - 7*x**2 + 6*x - 4. Let c be y(6). Let z(k) be the first derivative of -k**3/3 - k**2 + 2*k - 19. Give z(c).
-6
Suppose 0 = -6*q + 8*q. Suppose x + x = q. Let t(a) = a**3 + a**2 + a + 14. Calculate t(x).
14
Let q(d) = d + 1. Let b(x) = 7*x + 2. Let h(v) = -b(v) + 6*q(v). Give h(3).
1
Suppose r - 1 = 1. Let t(g) = -8*g - g**2 - 4 + 0*g**r - g + g. Give t(-7).
3
Let o(m) = m**2 + 5*m + 6. Let h be (0 + -1)/(1/(-5)). Let w be (-28)/(-3) + (-4)/(-6). Suppose -h*l - 10 = w. Calculate o(l).
2
Let c(o) = o**3 + 6*o**2 - o - 4. Let i be c(-6). Let v(s) = -6 - 7*s - 3*s**3 + 2*s**3 + s**2 + 0*s**i + 8*s**2. Determine v(8).
2
Let x(c) = c**2 + 9*c + 8. Let n be x(-8). Suppose 8 = 4*h - n. Let m(g) = -4*g**2 + 3*g - 1. What is m(h)?
-11
Let s(n) = -165*n**2 + 166*n**2 + 5*n + 2*n - 2*n + 2. Calculate s(-4).
-2
Let v(w) = -w - 1. Let p = -4 + 6. Suppose -2*j = l, 0 = p*j - 3*j. Determine v(l).
-1
Suppose 0*x - 28 = -4*x. Let s be (-7)/x - (1 - -2). Let v(i) = i + 1. Determine v(s).
-3
Let w(h) = h + 9. Let k be -4 - (-4)/4 - -3. Give w(k).
9
Let n(l) = l**3 + 4*l**2 - 7*l - 11. Let d be n(-5). Let g(j) = -2*j + 4*j + 7*j. Calculate g(d).
-9
Let l be (-3)/1 + 4 + (-1 - 0). Let x(c) = -c**3 + c - 11. Determine x(l).
-11
Suppose -4 = -4*u + 4. Suppose 0 = -4*j - 3*x + 17, 2*j - 3*j + 6 = -x. Let c(b) = b**3 + 6 - b - 5*b**2 - j*b + u*b**2. Calculate c(4).
-2
Let u = 4 + -11. Let o(i) = -5*i**3 + i**2 + 11*i + 4. Let f(p) = 3*p**3 - p**2 - 6*p - 2. Let s(k) = u*f(k) - 4*o(k). Calculate s(3).
-8
Let q(l) = 1 + 6*l**3 - 6 + 5*l**3 - 10*l**3. Let f be 6/4*(-10)/(-15). Let z be -1*(f - (1 - 0)). Calculate q(z).
-5
Let l(n) = n**2 + 4*n + 5. Let z be l(-4). Let s(q) = 3*q + q + 3 - 5*q. Calculate s(z).
-2
Let c(d) be the second derivative of d**4/6 - 7*d**3/6 + 2*d**2 - 2*d. Let o(j) = 2 + 0 + 3*j - 1. Let b be o(1). Give c(b).
8
Let n(l) be the second derivative of -1/2*l**2 + 0 - 2*l**3 + 10*l. Determine n(-1).
11
Suppose -p = -0*p + 4. Let d(t) = -t - 5. Determine d(p).
-1
Let w = 1 + 1. Let b(h) = 6*h**2 + h**3 - 2 + 2*h**2 - 7*h**w. What is b(2)?
1